100 + 1001110001?
1001101101
In base 2, what is 11011 + -101?
10110
In base 4, what is -221 + -1013?
-1300
In base 3, what is 0 + 2011220?
2011220
In base 2, what is 1 - 101?
-100
In base 12, what is -11 - 29?
-3a
In base 9, what is 8 - 4?
4
In base 6, what is -2 + 2450?
2444
In base 10, what is 5 + 1146?
1151
In base 4, what is 102 - -3?
111
In base 6, what is -2 + -1015?
-1021
In base 3, what is 22102 + -2?
22100
In base 15, what is -182 + -4?
-186
In base 6, what is 31 + 45?
120
In base 10, what is 52 - 6?
46
In base 10, what is -3 + 304?
301
In base 3, what is -112122021 - 0?
-112122021
In base 15, what is 5 - 38?
-33
In base 13, what is 3 + -72?
-6c
In base 14, what is -4486 + -2?
-4488
In base 13, what is -b + -4?
-12
In base 2, what is -100111010 + -101?
-100111111
In base 11, what is -3 - 1162?
-1165
In base 11, what is -9 + -8?
-16
In base 11, what is -1882a - -2?
-18828
In base 3, what is -221102 - -1?
-221101
In base 6, what is -41 + 2?
-35
In base 13, what is -40 + -b?
-4b
In base 14, what is -6 + -41?
-47
In base 15, what is -2 - 94?
-96
In base 14, what is -498 + 16?
-482
In base 8, what is 301 + 20?
321
In base 5, what is 2014 - -202?
2221
In base 11, what is 0 - -480?
480
In base 11, what is -49 + -4?
-52
In base 11, what is 237 + -3?
234
In base 8, what is 11 - -76?
107
In base 4, what is -23203 + 3?
-23200
In base 2, what is 1011100 + 101?
1100001
In base 10, what is -5 - -180?
175
In base 9, what is 16 - -1517?
1534
In base 7, what is -5 - -16554?
16546
In base 3, what is -2000202212 + 0?
-2000202212
In base 5, what is 324 - -11?
340
In base 14, what is -8b + 3?
-88
In base 3, what is 2 - -121122?
121201
In base 12, what is -14 + -9?
-21
In base 7, what is 4 + -44?
-40
In base 7, what is 0 + -3113?
-3113
In base 14, what is -1169 + 0?
-1169
In base 11, what is 15 - 778?
-763
In base 4, what is -1 + -1120?
-1121
In base 3, what is -210 - 1?
-211
In base 12, what is -8 - -103?
b7
In base 14, what is 4 - 21?
-1b
In base 15, what is 61 + 4?
65
In base 4, what is -32 - -13102?
13010
In base 2, what is 100111 - -110?
101101
In base 8, what is -26 - -22?
-4
In base 15, what is 12e - 1?
12d
In base 4, what is -23210 + 3?
-23201
In base 8, what is 4 - -3426?
3432
In base 5, what is -204 - -4?
-200
In base 11, what is 0 + 164?
164
In base 7, what is -6 + -1?
-10
In base 2, what is 100011 - 110010?
-1111
In base 11, what is -1 + 146a?
1469
In base 2, what is 11 + -100001110?
-100001011
In base 15, what is 12b - -4?
130
In base 7, what is 10 - -102?
112
In base 6, what is 0 - 11414?
-11414
In base 6, what is -5 + -1013?
-1022
In base 14, what is 10 + 21?
31
In base 7, what is -1 + 426?
425
In base 13, what is 46 - -37?
80
In base 14, what is c - -2b?
39
In base 4, what is -123232 + 1?
-123231
In base 7, what is -1006 - -33?
-643
In base 6, what is -3054 + -3?
-3101
In base 14, what is 2 + -648?
-646
In base 3, what is 120102112 + -10?
120102102
In base 12, what is -4 - -74?
70
In base 4, what is 23 - 122?
-33
In base 11, what is 2 - -61?
63
In base 10, what is 1941 + 4?
1945
In base 4, what is 2 + -1110?
-1102
In base 12, what is -4 + -72b?
-733
In base 2, what is 11 + 101011000?
101011011
In base 3, what is 222 - 10?
212
In base 8, what is 2637 + -1?
2636
In base 2, what is 101 + 10110111100?
10111000001
In base 8, what is 516 - 5?
511
In base 9, what is -13471 + 1?
-13470
In base 5, what is 323 - -31?
404
In base 2, what is 1011100110111 - -10?
1011100111001
In base 5, what is -14342 - 2?
-14344
In base 11, what is -13 + -3?
-16
In base 2, what is -10 + -11111010010?
-11111010100
In base 10, what is 181 - 5?
176
In base 16, what is 4 + -c?
-8
In base 9, what is 52 + 6?
58
In base 5, what is -1 - 240?
-241
In base 2, what is -101 - -1011110000?
1011101011
In base 15, what is -3 + 6d?
6a
In base 12, what is 323b + 1?
3240
In base 12, what is -43a2 + 2?
-43a0
In base 7, what is 3 + -501?
-465
In base 7, what is -4 - -5555?
5551
In base 14, what is 86c - 4?
868
In base 11, what is 146 - -2?
148
In base 9, what is -52 + 66?
14
In base 14, what is 2 - 75?
-73
In base 12, what is -3 + 35?
32
In base 9, what is -4144 - -4?
-4140
In base 12, what is 108 - -6?
112
In base 14, what is -10816 - -3?
-10813
In base 5, what is -12 - -123?
111
In base 7, what is -1 - 20?
-21
In base 13, what is 0 - 37?
-37
In base 7, what is 0 + 21?
21
In base 2, what is 101 + -11100111?
-11100010
In base 6, what is 14 + -13?
1
In base 13, what is 9 + 143?
14c
In base 4, what is 112 - 31?
21
In base 9, what is 21 - -13?
34
In base 4, what is 1 - -13000?
13001
In base 14, what is -3c4 + -6?
-3ca
In base 12, what is -1 - -1a4a?
1a49
In base 14, what is -1 + -51?
-52
In base 3, what is 0 - -10010?
10010
In base 16, what is 1f - 6a?
-4b
In base 16, what is -d - e4?
-f1
In base 11, what is -4103 + 2?
-4101
In base 7, what is 1532 + -5?
1524
In base 7, what is -1 + -636?
-640
In base 11, what is 2 - -64?
66
In base 4, what is -1320023 + 1?
-1320022
In base 14, what is 39 + -1?
38
In base 14, what is -11 - -46?
35
In base 16, what is -3 - f0?
-f3
In base 4, what is -23 - 102?
-131
In base 15, what is -2 + -37?
-39
In base 2, what is 10 + -1000110011?
-1000110001
In base 8, what is 46 + -77?
-31
In base 15, what is a06 + 3?
a09
In base 2, what is 100000 + -11011?
101
In base 12, what is -568 + -6?
-572
In base 15, what is 1 + 2d?
2e
In base 14, what is -335 - -d?
-326
In base 12, what is 7 + 5?
10
In base 12, what is 3200 + -2?
31ba
In base 13, what is 3952 - -2?
3954
In base 9, what is -1 + -68?
-70
In base 11, what is 10 + -51?
-41
In base 11, what is -100 + -17?
-117
In base 11, what is 477 + -4?
473
In base 5, what is 124324 + 0?
124324
In base 13, what is -2 + -80?
-82
In base 6, what is 131 + 512?
1043
In base 9, what is 150 - -38?
188
In base 11, what is 1 + 246?
247
In base 3, what is -202022 - -1?
-202021
In base 9, what is -44 - 13?
-57
In base 7, what is 3 + -14515?
-14512
In base 8, what is -4 - -7310?
7304
In base 3, what is 1012 + 10?
1022
In base 10, what is 77 - -1?
78
In base 12, what is -165 - 5?
-16a
In base 15, what is -21c + -7?
-224
In base 11, what is -653 - 23?
-676
In base 11, what is 0 - 4a4?
-4a4
In base 16, what is 5 - 85?
-80
In base 7, what is -360 - -4?
-353
In base 16, what is 186 + -42?
144
In base 10, what is 7 - 93?
-86
In base 6, what is 3 - -222?
225
In base 16, what is -5 + -fc5?
-fca
In base 3, what is -12 - -1102?
1020
In base 4, what is 22 + -1103?
-1021
In base 11, what is 9 - -95?
a3
In base 7, what is 1 + -1103?
-1102
In base 11, what is 5 - -246?
250
In base 8, what is 253 + 30?
303
In base 16, what is 1 + -2?
-1
In base 10, what is 8 - 7?
1
In base 9, what is -63 + 55?
-7
In base 4, what is 3322 + 111?
10033
In base 16, what is 5 + -84?
-7f
In base 5, what is 303122 - 10?
303112
In base 12, what is -68b + -5?
-694
In base 2, what is 101 - -1100011100?
1100100001
In base 15, what is -32 + 1?
-31
In base 2, what is -11010110 - 100?
-11011010
In base 13, what is 364 + 7?
36b
In base 15, what is -2 - -30?
2d
In base 4, what is -2 - 300?
-302
In base 2, what is 11 + 10?
101
In base 2, what is 10000100101111 - 10?
10000100101101
In base 9, what is -7 + 17?
10
In base 14, what is 4 + -36?
-32
In base 7, what is -5 - -4016?
4011
In base 16, what is 2 + 22?
24
In base 4, what is -10 - 2330?
-3000
In base 16, what is 7 - -c?
13
In base 12, what is 3 + 310a?
3111
In base 11, what is 902 + 5?
907
In base 11, what is -5 - 25?
-2a
In base 11, what is 533 - 0?
533
In base 7, what is -3 + -42?
-45
In base 10, what is 32 - -23?
55
In base 11, what is 38 - 4?
34
In base 6, what is -4 + 43?
35
In base 6, what is 4 + 0?
4
In base 3, what is 210 - 20?
120
In base 13, what is 6 + 23?
29
In base 7, what is -34225 + 4?
-34221
In base 5, what is 12144 + 4?
12203
In base 6, what is 5 - -1022?
1031
In base 10, what is -36 + 8?
-28
In base 15, what is 1 + -460?
-45e
In base 16, what is 18 + -5c1?
-5a9
In base 16, what is -e9c - -1?
-e9b
In base 4, what is 201 + -1111?
-310
In base 6, what is -10 - -32?
22
In base 12, what is 625 - 0?
625
In base 4, what is 11 - 210202?
-210131
In base 7, what is -1230 + 3?
-1224
In base 13, what is -850 - -5?
-848
In base 15, what is 3 - a4?
-a1
In base 9, what is 4 + -35?
-31
In base 16, what is -21 + d?
-14
In base 1